{"id":17,"date":"2018-11-15T10:13:16","date_gmt":"2018-11-15T10:13:16","guid":{"rendered":"http:\/\/lassl-partyservice.de\/?page_id=17"},"modified":"2018-11-21T15:03:28","modified_gmt":"2018-11-21T15:03:28","slug":"home","status":"publish","type":"page","link":"https:\/\/lassl-partyservice.de\/","title":{"rendered":"Home"},"content":{"rendered":"<h1 align=\"center\"><\/h1>\n<h1 style=\"text-align: center;\" align=\"center\"><span style=\"font-family: Verdana,sans-serif;\">Herzlich Willkommen beim Partyservice Lassl<br \/>\n<\/span><\/h1>\n<p align=\"center\"><span style=\"font-family: Verdana,sans-serif;\">Bedeutet gutes Essen f\u00fcr Sie mehr als nur den Hunger zu stillen?<br \/>\n<\/span><\/p>\n<p align=\"center\"><span style=\"font-family: Verdana,sans-serif;\"><br \/>\n<span style=\"color: #000000;\">Ein leckeres Men\u00fc, bereitet aus frischen Zutaten, ein gutes Getr\u00e4nk und nette G\u00e4ste<br \/>\nver\u00e4ndern die Perspektive:<\/span><br \/>\n<\/span><\/p>\n<p align=\"center\"><span style=\"font-family: Verdana,sans-serif;\"><b>\"Allt\u00e4gliches tritt in den Hintergrund, Lebenslust und Freude am Genuss gewinnen die Oberhand....\"<\/b><br \/>\n<\/span><\/p>\n<p align=\"center\"><span style=\"font-family: Verdana,sans-serif;\"><br \/>\n<span style=\"color: #000000;\">F\u00fcr diese sch\u00f6nen Stunden im Leben bietet unser Partyservice eine Auswahl an<br \/>\nBuffetvorschl\u00e4gen und eine Reihe an Speisen zum Zusammenstellen Ihres eigenen Traumbuffets.<br \/>\n<\/span><\/span><\/p>\n<p align=\"center\"><span style=\"color: #000000; font-family: Verdana,sans-serif;\"><br \/>\nOb eine Festlichkeit oder fr\u00f6hliche Party, ein Feiertag oder Jubil\u00e4um, eine Firmenfeier oder ein kulinarischer Themenabend auf Ihrem Programm steht -wir setzen Ihre W\u00fcnsche kreativ um!<br \/>\n<\/span><\/p>\n<p align=\"center\"><span style=\"color: #000000; font-family: Verdana,sans-serif;\"><br \/>\nAlle Buffets werden mit Liebe zum Detail vorbereitet und in Szene gesetzt.<\/span><\/p>\n<p align=\"center\"><span style=\"color: #000000; font-family: Verdana,sans-serif;\"><br \/>\nFrische und Qualit\u00e4t haben Vorrang!<br \/>\n<\/span><\/p>\n<p align=\"center\"><span style=\"color: #000000; font-family: Verdana,sans-serif;\"><br \/>\nMachen Sie Ihre Feier zum kulinarischen Erlebnis!<br \/>\n<\/span><\/p>\n<p align=\"center\"><span style=\"color: #000000; font-family: Verdana,sans-serif;\"><br \/>\nGerne stellen wir uns auch auf die Bed\u00fcrfnisse von Firmen und Gesch\u00e4ftskunden ein.<br \/>\nOb vitaminreiches Power- Food, Finger- Food f\u00fcr Meetings oder edle Canap\u00e9s und Gala- Men\u00fcs f\u00fcr<br \/>\nherausragende Events,<\/span><\/p>\n<p align=\"center\"><span style=\"color: #000000; font-family: Verdana,sans-serif;\">- Sie sprechen uns an -<\/span><\/p>\n<p align=\"center\"><span style=\"color: #000000; font-family: Verdana,sans-serif;\">- wir finden das Richtige f\u00fcr Sie -<br \/>\n<\/span><\/p>\n<p align=\"center\"><span style=\"font-family: Verdana,sans-serif;\"><span style=\"color: #000000;\">- und Ihre Feier wird ein voller Erfolg!!<\/span><\/span><\/p>\n<p align=\"center\"><span style=\"font-family: Verdana,sans-serif;\"><span style=\"color: #000000;\"><span style=\"color: #980303;\"><b>Ihr Partyservice Lassl ist der kompetente Partner f\u00fcr zufriedene Mitarbeiter und Kunden.<\/b><\/span><\/span> <\/span><\/p>\n","protected":false},"excerpt":{"rendered":"<p>Herzlich Willkommen beim Partyservice Lassl Bedeutet gutes Essen f\u00fcr Sie mehr als nur den Hunger zu stillen? Ein leckeres Men\u00fc, bereitet aus frischen Zutaten, ein gutes Getr\u00e4nk und nette G\u00e4ste ver\u00e4ndern die Perspektive: \"Allt\u00e4gliches tritt in den Hintergrund, Lebenslust und Freude am Genuss gewinnen die Oberhand....\" F\u00fcr diese sch\u00f6nen Stunden im Leben bietet unser Partyservice <a href=\"https:\/\/lassl-partyservice.de\/\" class=\"more-link\">...weiterlesen<span class=\"screen-reader-text\"> \"Home\"<\/span><\/a><\/p>\n","protected":false},"author":1,"featured_media":0,"parent":0,"menu_order":0,"comment_status":"closed","ping_status":"closed","template":"","meta":{"footnotes":""},"yoast_head":"<!-- This site is optimized with the Yoast SEO plugin v23.5 - https:\/\/yoast.com\/wordpress\/plugins\/seo\/ -->\n<title>Home -<\/title>\n<meta name=\"robots\" content=\"index, follow, max-snippet:-1, max-image-preview:large, max-video-preview:-1\" \/>\n<link rel=\"canonical\" href=\"https:\/\/lassl-partyservice.de\/\" \/>\n<meta property=\"og:locale\" content=\"de_DE\" \/>\n<meta property=\"og:type\" content=\"article\" \/>\n<meta property=\"og:title\" content=\"Home -\" \/>\n<meta property=\"og:description\" content=\"Herzlich Willkommen beim Partyservice Lassl Bedeutet gutes Essen f\u00fcr Sie mehr als nur den Hunger zu stillen? Ein leckeres Men\u00fc, bereitet aus frischen Zutaten, ein gutes Getr\u00e4nk und nette G\u00e4ste ver\u00e4ndern die Perspektive: &quot;Allt\u00e4gliches tritt in den Hintergrund, Lebenslust und Freude am Genuss gewinnen die Oberhand....&quot; F\u00fcr diese sch\u00f6nen Stunden im Leben bietet unser Partyservice ...weiterlesen &quot;Home&quot;\" \/>\n<meta property=\"og:url\" content=\"https:\/\/lassl-partyservice.de\/\" \/>\n<meta property=\"article:modified_time\" content=\"2018-11-21T15:03:28+00:00\" \/>\n<meta name=\"twitter:card\" content=\"summary_large_image\" \/>\n<meta name=\"twitter:label1\" content=\"Gesch\u00e4tzte Lesezeit\" \/>\n\t<meta name=\"twitter:data1\" content=\"1\u00a0Minute\" \/>\n<script type=\"application\/ld+json\" class=\"yoast-schema-graph\">{\"@context\":\"https:\/\/schema.org\",\"@graph\":[{\"@type\":\"WebPage\",\"@id\":\"https:\/\/lassl-partyservice.de\/\",\"url\":\"https:\/\/lassl-partyservice.de\/\",\"name\":\"Home -\",\"isPartOf\":{\"@id\":\"https:\/\/lassl-partyservice.de\/#website\"},\"datePublished\":\"2018-11-15T10:13:16+00:00\",\"dateModified\":\"2018-11-21T15:03:28+00:00\",\"breadcrumb\":{\"@id\":\"https:\/\/lassl-partyservice.de\/#breadcrumb\"},\"inLanguage\":\"de\",\"potentialAction\":[{\"@type\":\"ReadAction\",\"target\":[\"https:\/\/lassl-partyservice.de\/\"]}]},{\"@type\":\"BreadcrumbList\",\"@id\":\"https:\/\/lassl-partyservice.de\/#breadcrumb\",\"itemListElement\":[{\"@type\":\"ListItem\",\"position\":1,\"name\":\"Startseite\",\"item\":\"https:\/\/lassl-partyservice.de\/\"},{\"@type\":\"ListItem\",\"position\":2,\"name\":\"Home\"}]},{\"@type\":\"WebSite\",\"@id\":\"https:\/\/lassl-partyservice.de\/#website\",\"url\":\"https:\/\/lassl-partyservice.de\/\",\"name\":\"Partyservice Lassl\",\"description\":\"\",\"publisher\":{\"@id\":\"https:\/\/lassl-partyservice.de\/#organization\"},\"potentialAction\":[{\"@type\":\"SearchAction\",\"target\":{\"@type\":\"EntryPoint\",\"urlTemplate\":\"https:\/\/lassl-partyservice.de\/?s={search_term_string}\"},\"query-input\":{\"@type\":\"PropertyValueSpecification\",\"valueRequired\":true,\"valueName\":\"search_term_string\"}}],\"inLanguage\":\"de\"},{\"@type\":\"Organization\",\"@id\":\"https:\/\/lassl-partyservice.de\/#organization\",\"name\":\"Partyservice Lassl\",\"url\":\"https:\/\/lassl-partyservice.de\/\",\"logo\":{\"@type\":\"ImageObject\",\"inLanguage\":\"de\",\"@id\":\"https:\/\/lassl-partyservice.de\/#\/schema\/logo\/image\/\",\"url\":\"https:\/\/lassl-partyservice.de\/wp-content\/uploads\/2018\/11\/Logo.gif\",\"contentUrl\":\"https:\/\/lassl-partyservice.de\/wp-content\/uploads\/2018\/11\/Logo.gif\",\"width\":131,\"height\":123,\"caption\":\"Partyservice Lassl\"},\"image\":{\"@id\":\"https:\/\/lassl-partyservice.de\/#\/schema\/logo\/image\/\"}}]}<\/script>\n<!-- \/ Yoast SEO plugin. -->","yoast_head_json":{"title":"Home -","robots":{"index":"index","follow":"follow","max-snippet":"max-snippet:-1","max-image-preview":"max-image-preview:large","max-video-preview":"max-video-preview:-1"},"canonical":"https:\/\/lassl-partyservice.de\/","og_locale":"de_DE","og_type":"article","og_title":"Home -","og_description":"Herzlich Willkommen beim Partyservice Lassl Bedeutet gutes Essen f\u00fcr Sie mehr als nur den Hunger zu stillen? Ein leckeres Men\u00fc, bereitet aus frischen Zutaten, ein gutes Getr\u00e4nk und nette G\u00e4ste ver\u00e4ndern die Perspektive: \"Allt\u00e4gliches tritt in den Hintergrund, Lebenslust und Freude am Genuss gewinnen die Oberhand....\" F\u00fcr diese sch\u00f6nen Stunden im Leben bietet unser Partyservice ...weiterlesen \"Home\"","og_url":"https:\/\/lassl-partyservice.de\/","article_modified_time":"2018-11-21T15:03:28+00:00","twitter_card":"summary_large_image","twitter_misc":{"Gesch\u00e4tzte Lesezeit":"1\u00a0Minute"},"schema":{"@context":"https:\/\/schema.org","@graph":[{"@type":"WebPage","@id":"https:\/\/lassl-partyservice.de\/","url":"https:\/\/lassl-partyservice.de\/","name":"Home -","isPartOf":{"@id":"https:\/\/lassl-partyservice.de\/#website"},"datePublished":"2018-11-15T10:13:16+00:00","dateModified":"2018-11-21T15:03:28+00:00","breadcrumb":{"@id":"https:\/\/lassl-partyservice.de\/#breadcrumb"},"inLanguage":"de","potentialAction":[{"@type":"ReadAction","target":["https:\/\/lassl-partyservice.de\/"]}]},{"@type":"BreadcrumbList","@id":"https:\/\/lassl-partyservice.de\/#breadcrumb","itemListElement":[{"@type":"ListItem","position":1,"name":"Startseite","item":"https:\/\/lassl-partyservice.de\/"},{"@type":"ListItem","position":2,"name":"Home"}]},{"@type":"WebSite","@id":"https:\/\/lassl-partyservice.de\/#website","url":"https:\/\/lassl-partyservice.de\/","name":"Partyservice Lassl","description":"","publisher":{"@id":"https:\/\/lassl-partyservice.de\/#organization"},"potentialAction":[{"@type":"SearchAction","target":{"@type":"EntryPoint","urlTemplate":"https:\/\/lassl-partyservice.de\/?s={search_term_string}"},"query-input":{"@type":"PropertyValueSpecification","valueRequired":true,"valueName":"search_term_string"}}],"inLanguage":"de"},{"@type":"Organization","@id":"https:\/\/lassl-partyservice.de\/#organization","name":"Partyservice Lassl","url":"https:\/\/lassl-partyservice.de\/","logo":{"@type":"ImageObject","inLanguage":"de","@id":"https:\/\/lassl-partyservice.de\/#\/schema\/logo\/image\/","url":"https:\/\/lassl-partyservice.de\/wp-content\/uploads\/2018\/11\/Logo.gif","contentUrl":"https:\/\/lassl-partyservice.de\/wp-content\/uploads\/2018\/11\/Logo.gif","width":131,"height":123,"caption":"Partyservice Lassl"},"image":{"@id":"https:\/\/lassl-partyservice.de\/#\/schema\/logo\/image\/"}}]}},"_links":{"self":[{"href":"https:\/\/lassl-partyservice.de\/index.php?rest_route=\/wp\/v2\/pages\/17"}],"collection":[{"href":"https:\/\/lassl-partyservice.de\/index.php?rest_route=\/wp\/v2\/pages"}],"about":[{"href":"https:\/\/lassl-partyservice.de\/index.php?rest_route=\/wp\/v2\/types\/page"}],"author":[{"embeddable":true,"href":"https:\/\/lassl-partyservice.de\/index.php?rest_route=\/wp\/v2\/users\/1"}],"replies":[{"embeddable":true,"href":"https:\/\/lassl-partyservice.de\/index.php?rest_route=%2Fwp%2Fv2%2Fcomments&post=17"}],"version-history":[{"count":8,"href":"https:\/\/lassl-partyservice.de\/index.php?rest_route=\/wp\/v2\/pages\/17\/revisions"}],"predecessor-version":[{"id":146,"href":"https:\/\/lassl-partyservice.de\/index.php?rest_route=\/wp\/v2\/pages\/17\/revisions\/146"}],"wp:attachment":[{"href":"https:\/\/lassl-partyservice.de\/index.php?rest_route=%2Fwp%2Fv2%2Fmedia&parent=17"}],"curies":[{"name":"wp","href":"https:\/\/api.w.org\/{rel}","templated":true}]}}